remainder when 269630 is divided by 20740?
10
Calculate the remainder when 288634 is divided by 117.
112
Calculate the remainder when 34259 is divided by 189.
50
Calculate the remainder when 7635 is divided by 1083.
54
Calculate the remainder when 3347 is divided by 24.
11
Calculate the remainder when 5248 is divided by 345.
73
Calculate the remainder when 22651 is divided by 2058.
13
Calculate the remainder when 509863 is divided by 34.
33
Calculate the remainder when 21380 is divided by 54.
50
What is the remainder when 1630 is divided by 106?
40
Calculate the remainder when 31704 is divided by 166.
164
Calculate the remainder when 34537 is divided by 11418.
283
Calculate the remainder when 1489 is divided by 227.
127
Calculate the remainder when 24024 is divided by 23796.
228
What is the remainder when 10007 is divided by 4972?
63
What is the remainder when 1194 is divided by 395?
9
Calculate the remainder when 22288 is divided by 286.
266
Calculate the remainder when 245542 is divided by 10675.
17
Calculate the remainder when 48444 is divided by 110.
44
Calculate the remainder when 22423 is divided by 22378.
45
What is the remainder when 73456 is divided by 66?
64
What is the remainder when 40822 is divided by 1315?
57
Calculate the remainder when 2082 is divided by 67.
5
Calculate the remainder when 64162 is divided by 16034.
26
What is the remainder when 86745 is divided by 28866?
147
Calculate the remainder when 271590 is divided by 136.
134
What is the remainder when 2006 is divided by 356?
226
Calculate the remainder when 489944 is divided by 119.
21
What is the remainder when 13859 is divided by 28?
27
What is the remainder when 34062 is divided by 4864?
14
Calculate the remainder when 23975 is divided by 296.
295
Calculate the remainder when 2639 is divided by 141.
101
Calculate the remainder when 51552 is divided by 45.
27
What is the remainder when 72969 is divided by 12155?
39
What is the remainder when 2940 is divided by 349?
148
Calculate the remainder when 2929 is divided by 154.
3
Calculate the remainder when 110274 is divided by 1081.
12
What is the remainder when 2234 is divided by 35?
29
Calculate the remainder when 2157 is divided by 232.
69
What is the remainder when 6528 is divided by 455?
158
What is the remainder when 24940 is divided by 471?
448
What is the remainder when 2136 is divided by 125?
11
What is the remainder when 4015 is divided by 428?
163
What is the remainder when 33044 is divided by 1430?
154
Calculate the remainder when 687090 is divided by 463.
461
Calculate the remainder when 1285363 is divided by 47.
7
Calculate the remainder when 53727 is divided by 7675.
2
Calculate the remainder when 27399 is divided by 77.
64
What is the remainder when 20407 is divided by 32?
23
What is the remainder when 3152 is divided by 1562?
28
What is the remainder when 9227 is divided by 770?
757
Calculate the remainder when 1552377 is divided by 33.
24
Calculate the remainder when 671846 is divided by 112.
70
Calculate the remainder when 10107 is divided by 82.
21
Calculate the remainder when 9728 is divided by 21.
5
What is the remainder when 56101 is divided by 266?
241
Calculate the remainder when 521313 is divided by 36.
33
Calculate the remainder when 666 is divided by 644.
22
Calculate the remainder when 28576 is divided by 7066.
312
Calculate the remainder when 427521 is divided by 50.
21
Calculate the remainder when 3676 is divided by 87.
22
Calculate the remainder when 552150 is divided by 356.
350
Calculate the remainder when 27595 is divided by 561.
106
What is the remainder when 24424 is divided by 24403?
21
Calculate the remainder when 53112 is divided by 2795.
7
What is the remainder when 149139 is divided by 206?
201
What is the remainder when 3425 is divided by 24?
17
What is the remainder when 11422 is divided by 138?
106
What is the remainder when 987 is divided by 978?
9
Calculate the remainder when 24561 is divided by 455.
446
Calculate the remainder when 154955 is divided by 51633.
56
Calculate the remainder when 954 is divided by 37.
29
Calculate the remainder when 51762 is divided by 91.
74
What is the remainder when 535075 is divided by 89179?
1
Calculate the remainder when 751074 is divided by 206.
204
Calculate the remainder when 111860 is divided by 956.
8
Calculate the remainder when 1234 is divided by 420.
394
What is the remainder when 32514 is divided by 32438?
76
What is the remainder when 6513526 is divided by 411?
409
Calculate the remainder when 243859 is divided by 15241.
3
Calculate the remainder when 5453 is divided by 324.
269
What is the remainder when 416301 is divided by 168?
165
Calculate the remainder when 7482 is divided by 258.
0
What is the remainder when 100698 is divided by 380?
378
What is the remainder when 10532 is divided by 257?
252
Calculate the remainder when 2678 is divided by 1303.
72
What is the remainder when 32011 is divided by 1484?
847
Calculate the remainder when 134339 is divided by 33.
29
What is the remainder when 871 is divided by 17?
4
Calculate the remainder when 416728 is divided by 331.
330
What is the remainder when 15613 is divided by 15?
13
What is the remainder when 63149 is divided by 694?
689
Calculate the remainder when 384 is divided by 75.
9
What is the remainder when 8059 is divided by 671?
7
Calculate the remainder when 91154 is divided by 428.
418
Calculate the remainder when 6098 is divided by 227.
196
Calculate the remainder when 8978 is divided by 142.
32
What is the remainder when 804 is divided by 577?
227
What is the remainder when 1480 is divided by 38?
36
Calculate the remainder when 2656 is divided by 2629.
27
Calculate the remainder when 11732 is divided by 21.
14
Calculate the remainder when 242 is divided by 147.
95
Calculate the remainder when 75686 is divided by 37823.
40
What is the remainder when 1340 is divided by 231?
185
Calculate the remainder when 2727 is divided by 2160.
567
What is the remainder when 56041 is divided by 126?
97
What is the remainder when 3715 is divided by 454?
83
What is the remainder when 2476 is divided by 204?
28
What is the remainder when 48479 is divided by 24224?
31
Calculate the remainder when 14123 is divided by 705.
23
Calculate the remainder when 737269 is divided by 1256.
1253
What is the remainder when 29582 is divided by 49?
35
Calculate the remainder when 16554718 is divided by 48.
46
Calculate the remainder when 19386 is divided by 239.
27
Calculate the remainder when 9536 is divided by 85.
16
Calculate the remainder when 46343 is divided by 12.
11
Calculate the remainder when 25861 is divided by 244.
241
Calculate the remainder when 1218 is divided by 107.
41
Calculate the remainder when 27825 is divided by 23.
18
Calculate the remainder when 427422 is divided by 37.
35
What is the remainder when 4375 is divided by 260?
215
Calculate the remainder when 1123 is divided by 281.
280
Calculate the remainder when 915127 is divided by 228778.
15
Calculate the remainder when 7766 is divided by 277.
10
Calculate the remainder when 1184 is divided by 254.
168
Calculate the remainder when 90275 is divided by 150.
125
Calculate the remainder when 14814 is divided by 67.
7
What is the remainder when 14905 is divided by 791?
667
Calculate the remainder when 2130 is divided by 40.
10
What is the remainder when 8501 is divided by 35?
31
Calculate the remainder when 10916 is divided by 105.
101
What is the remainder when 2073 is divided by 21?
15
What is the remainder when 13837 is divided by 146?
113
What is the remainder when 59330 is divided by 66?
62
Calculate the remainder when 944 is divided by 88.
64
Calculate the remainder when 83951 is divided by 488.
15
Calculate the remainder when 133662 is divided by 1736.
1726
Calculate the remainder when 20939 is divided by 1529.
1062
What is the remainder when 855428 is divided by 131?
129
Calculate the remainder when 35114 is divided by 10.
4
What is the remainder when 63217 is divided by 21049?
70
Calculate the remainder when 285009 is divided by 58.
55
Calculate the remainder when 6844 is divided by 1412.
1196
What is the remainder when 136487 is divided by 44?
43
Calculate the remainder when 7816 is divided by 415.
346
What is the remainde